?
8
Let q(y) = -2*y**2 + 5*y**2 + 2*y - 4 - 2*y**2. Suppose 0 = -2*s - 2*t, 3*t + t + 24 = 4*s. Suppose -c + 4*c - s*g + 15 = 0, 18 = -5*c - 2*g. Calculate q(c).
4
Let c(p) = -p**3 + 4*p**2 + 4*p - 1. Suppose 0*m - 5 = -m. Suppose -m = -t - 0*t. What is c(t)?
-6
Let c(l) = -l**2 - 29*l - 28. Let h be c(-28). Let b(t) be the second derivative of 1/12*t**4 + h - 1/2*t**3 - 3/2*t**2 - 4*t. What is b(-2)?
7
Let i(c) be the second derivative of c**4/12 - c**3/2 + c**2 - 3*c. Let q(w) = 2*w - 1. Let b be q(-1). Let k be (-2)/3 - 14/b. Give i(k).
6
Let m(s) = 4*s + 3. Let r(x) = -x**3 + 3*x**2 + 6*x - 5. Let z be r(4). Let u(h) = 5*h + 4. Let j(l) = z*m(l) - 2*u(l). Give j(2).
5
Let c be 52/(-9) - 8/36. Let j be c/4*(-18)/27. Let i(u) = -4*u**3 - u + 7. Let l(y) = y**3 - 1. Let k(q) = -i(q) - 6*l(q). Calculate k(j).
-2
Let m be 40/(-32) + 2/8. Let f(j) = -8*j. Determine f(m).
8
Let n(c) = c + 2. Let j(r) = r + 2. Let b be j(-3). Let z be 4/(-6)*(-9)/(-2). Let g = b + z. What is n(g)?
-2
Let g(b) = -b**2 + 4*b - 8. Let q(z) = -2*z**2 + 7*z - 15. Let d(y) = -7*g(y) + 4*q(y). Calculate d(3).
-13
Let b(x) = 6*x - 15. Let h(k) = 9*k - 20*k + 14*k - 7. Let g(z) = -3*b(z) + 7*h(z). Suppose 2*p + p - 9 = 0. Calculate g(p).
5
Let c be (7 + (-2 - -3))*-1. Let a be (-2 + 0)*12/c. Let s(h) = -2*h - 2*h - 3*h**2 + a*h. Calculate s(-2).
-10
Let b(q) = q**3 - 4*q**2 + q - 4. Let a be b(4). Let h(d) = 7*d + 5 + a - 4*d**2 + 7*d**3 - 8*d**3. Calculate h(-5).
-5
Let k(m) = -m**2 - 8*m + 7. Let w(h) = -h**2 - 7*h + 6. Let a(i) = 6*k(i) - 7*w(i). Let v(b) = -8*b**2 - 3*b + 1. Let f(d) = 2*a(d) + v(d). Calculate f(1).
-6
Suppose -7*m + 30 - 23 = 0. Let r(d) = 17*d**2 + 1. Give r(m).
18
Let y = -14 + 20. Suppose y = 4*a - a. Suppose -a*s = -0 + 4. Let h(m) = m**3 + 4*m**2 + 2*m - 1. Determine h(s).
3
Let i(k) be the first derivative of 1/3*k**3 + 0*k + 0*k**2 + 2 - 5/4*k**4. Suppose 1 + 4 = 5*r. Give i(r).
-4
Let r(x) = 0*x - 3 + 2 - x. Suppose 3*d - d = 0. Let c = 0 - d. Calculate r(c).
-1
Suppose -v + 5*v = 4. Let z be ((-1 + v)/(-4))/1. Let r(t) be the second derivative of -t**5/20 - t**4/12 - t**3/6 - 5*t**2/2 - t. Calculate r(z).
-5
Let a(q) be the first derivative of q**3/3 + 2*q**2 - 7*q - 1. Let m(l) = l**2 - l - 11. Let n be m(0). Let w = 6 + n. Calculate a(w).
-2
Let j(h) = 2*h - h**2 - 2 + 5 + 0*h. Let l be -4 - -4*4/8. What is j(l)?
-5
Let z(y) = y**2 - 3*y - 4. Let c(k) = -3*k - 15. Let p be c(-6). Let o be z(p). Let n(r) = r**2 + 3*r - 2. Give n(o).
2
Let q(u) = u**2 - 5*u - 2. Suppose 0*d = 2*d. Let i(t) = t + 3. Let c be i(d). Give q(c).
-8
Let z(b) = -2*b - 5. Let n(y) = -2*y - 6. Let k(w) = 5*n(w) - 6*z(w). What is k(-1)?
-2
Let c(x) = x**2 - 5*x. Let t(l) = 1. Let p(h) = c(h) - 6*t(h). Let b be p(6). Let d(g) = -g**3 + g**2 + g - 11. Calculate d(b).
-11
Let u(s) = -s**3 - s**2 + 1. Suppose -5*w + 10*w = -4*v + 23, 0 = -v + w + 8. Let a be -4 - -4*3/6. Let o be a/v - 9/(-7). What is u(o)?
-1
Let w(r) be the third derivative of r**6/120 - r**5/15 - r**4/8 - 4*r**2. What is w(5)?
10
Let g(z) = z + 0*z + 3 + z - z. Give g(-3).
0
Let q(r) = -r**3 - 3*r**2 - 2*r - 3. Let c be q(-3). Let w(a) = 0*a**2 - a - a**2 - c + 7*a. Let o(b) = b**3 + 3*b**2 - 9*b - 15. Let d be o(-4). Give w(d).
2
Let b(y) = -2*y + 3. Let j(i) = 2*i - 19. Let t be j(11). Give b(t).
-3
Let x(i) be the second derivative of -1/2*i**2 + 3*i + 0 - 1/20*i**5 - 1/2*i**3 + 5/12*i**4. Give x(4).
3
Let z(u) = u**2 - 2*u + 2. Let o(g) = -5*g - 6. Let b be o(-2). What is z(b)?
10
Let q(a) be the third derivative of -a**6/120 - a**5/12 + a**4/3 + a**3/3 - a**2. What is q(-6)?
-10
Let d = -31 - -29. Let q(s) = -2*s - 3. Calculate q(d).
1
Let o(z) = -z**3 - 3*z**2 + 1. Let k be (2/1 + 1 - 3) + -2. Calculate o(k).
-3
Let x(y) be the second derivative of -y**5/20 + y**4/12 - y**3/6 - 13*y**2/2 + 43*y. What is x(0)?
-13
Suppose -36 = -h - 3*h. Let r(b) = -b**3 + 10*b**2 - 10*b + 11. Calculate r(h).
2
Suppose 0*f + 4*f = 4. Let p(q) = 3 + 2*q + f - 5 - 5. What is p(6)?
6
Let s(m) = -m + 4. Let f(c) = 2*c - 9. Let o(n) = -3*f(n) - 5*s(n). Let r = -27 - -32. What is o(r)?
2
Suppose -2*o + 5*y + 12 = -19, -3*y = -9. Suppose 4*q = -3 + o. Let a(t) be the first derivative of t**4/4 - 2*t**3 + 5*t**2/2 + 3*t + 2. Give a(q).
3
Let j be (2 + -7 + 3)*1 + -4. Let a(l) = -l**2 - 5*l + 7. What is a(j)?
1
Let z(h) = -h**2 + 5*h - 1. Let y(a) be the second derivative of a**4/12 - 7*a**3/6 + 5*a**2 + 9*a. Let g be y(6). What is z(g)?
3
Let v(b) = -5 + 0 + 8 - 2 - 16*b. Determine v(1).
-15
Let r(a) be the third derivative of a**5/60 - a**4/12 + 2*a**3/3 - 6*a**2. What is r(3)?
7
Let r(k) = 7*k + 2 - 5*k**3 - 4 + 2*k**2 + 3*k**3 - 6*k. What is r(-2)?
20
Let r = 23 - 18. Let w(v) = -v**3 + 4*v**2 + 3*v + 5. Give w(r).
-5
Suppose -q + 28 = -5*q. Let t(r) = r**3 + 8*r**2 + 5*r - 6. Give t(q).
8
Let s be (4/(-3))/(3/(-9)). Suppose -4*a = s*p + 8, -2*a + 16 = -2*p - a. Let n(b) = b**3 + b**2 + 1. Let l(d) = -d**2. Let m(o) = -5*l(o) + n(o). Give m(p).
1
Let u(k) = -k - 3. Let a be u(-3). Let p(b) = 3 - 6 - b**2 - 10 - b. What is p(a)?
-13
Let j be 3 - 3/9*15. Let k(b) = -b**2 - 3*b. Calculate k(j).
2
Let j(a) be the third derivative of 0 - 1/24*a**4 - 5*a**2 + 0*a + 1/3*a**3. What is j(-2)?
4
Let s(d) be the third derivative of -3*d**2 + 0*d - 1/20*d**5 + 0 + 1/120*d**6 + 1/6*d**3 - 1/24*d**4. Calculate s(3).
-2
Let q(a) be the first derivative of a**2/2 - 2*a + 14. Calculate q(-3).
-5
Let p(c) = -c**3 - 7*c**2 - 3*c + 8. Let a be p(-6). Let k = -7 - a. Let g(w) = 2*w + 3. Determine g(k).
9
Let z(y) = y**2 + 11*y + 12. Suppose -2*a = -4*n, 0 = -5*a + 7*n - 8*n - 55. Calculate z(a).
2
Let z(i) = -i**2 + 7*i - 7. Let o be (2 - 2)/(1/1). Suppose -2*w + 3*w - 5 = o. What is z(w)?
3
Let j(u) be the second derivative of -1/3*u**3 + 1/12*u**4 - u + 0*u**2 + 0. Give j(3).
3
Suppose 4*l - 41 = -3*p, p = -p + l + 9. Let f = -5 + p. Let c be 2 + 2/(0 - f). Let z(r) = 4*r + 1. Give z(c).
5
Let i(h) = 20*h + 29. Let s(a) = 7*a + 10. Let t(m) = -6*i(m) + 17*s(m). Determine t(-7).
3
Let z be 3/4 - (11/4 - 2). Let q(v) = v**3 - v**2 + v + 9. Determine q(z).
9
Let y(z) = z**3 + 4*z**2 + 3*z + 1. Suppose -w = 3*x + 2 + 8, -x - 4 = w. What is y(x)?
1
Let d(s) be the third derivative of -s**5/60 + s**4/12 + s**3/2 - 13*s**2. Calculate d(4).
-5
Let k(w) = -w**3 - 2*w**2 + w. Let x be k(1). Let l be x/3 + (-60)/(-9). Let d(q) = q**3 - 6*q**2 + q - 5. Determine d(l).
1
Let z(a) = -3*a + 3. Let i = 12 - 10. Determine z(i).
-3
Suppose -5*u = 2*n + 1, -3*n + 8 + 0 = -2*u. Let z(v) = -v**3 - 7*v**2 + 7*v. Let k(j) = 3*j**3 + 15*j**2 - 15*j - 1. Let q(d) = -3*k(d) - 7*z(d). Give q(n).
-5
Let g(f) = -f + 7. Suppose n - 3 = 4*d - 0*d, -3 = 2*n + d. Let i be (-4)/(-5) + n/(-5). Let m be i/3*3 - 1. Determine g(m).
7
Let u(x) = x**3 + 5*x**2 - x - 1. Let y be 1 + 2/(-3) + 26/(-6). Determine u(y).
19
Let p(v) = 10*v**3 - 7*v**2 - 3*v - 3. Let m(t) = -7*t**3 + 5*t**2 + 2*t + 2. Let f(x) = -7*m(x) - 5*p(x). Let k be (-2 + 2)*(-1 - -2). What is f(k)?
1
Suppose 6*q + 42 = -q. Let y(c) = c - 1. Calculate y(q).
-7
Suppose 4*h + w + 13 = 0, -5*h + 4*w - 15 = 5*w. Let l(p) be the third derivative of 1/6*p**3 - 4*p**2 - 1/24*p**4 + 0*p + 0. Calculate l(h).
3
Let o = 82 + -58. Suppose -5*y + y = o. Let a(b) = -2*b - 9. Give a(y).
3
Let j(d) be the second derivative of d**4/6 + d**3/2 + d**2 + 5*d. Suppose -6*m = 3*v - m - 14, v = 5*m - 22. Calculate j(v).
4
Let r(i) = 3*i - 2. Let t(l) = -l**2 + l + 10. Let c be t(4). Give r(c).
-8
Let d(v) = -v - 18. Let x be d(-15). Let m(i) = -3*i**2 - 2*i - 4. Let p(n) = 4*n**2 + 3*n + 4. Let r(w) = -6*m(w) - 5*p(w). Give r(x).
-5
Let q be 4/(-6)*216/(-24). Let f(j) = j + 3. Determine f(q).
9
Let z(j) = j**2 - 6*j + 5. Let s be z(5). Let p(k) = -5*k**2 + 5*k - 7. Let g = 7 + -1. Let a(l) = 6*l**2 - 6*l + 6. Let i(h) = g*a(h) + 7*p(h). What is i(s)?
-13
Let t(x) = -x**3 - 5*x**2 + 10*x + 21. Let d be t(-6). Let y(h) = h**3 + 2*h**2 - h + 3. What is y(d)?
-3
Let p(j) = j**2 + 11*j + 3. Let u(b) = -b**2 - 6*b + 16. Let n be u(-9). Give p(n).
3
Suppose 0 = 2*i - 5*i + 54. Let c(x) = -10 + 13*x**2 + i - 9. Suppose 4*j = -3*v + 1 + 15, -4*v + 17 = j. Calculate c(j).
12
Let l(j) = j + 6. Let i be l(-3). Let d(x) = -4 - i + 0 + x + 0*x